
List the prime factors of 371575.
5, 89, 167
What are the prime factors of 1326480?
2, 3, 5, 5527
List the prime factors of 21713114.
2, 17, 638621
What are the prime factors of 3347787?
3, 1115929
List the prime factors of 306492.
2, 3, 25541
List the prime factors of 16027025.
5, 7, 91583
What are the prime factors of 2418930?
2, 3, 5, 17, 31
List the prime factors of 70645.
5, 71, 199
What are the prime factors of 205481?
53, 3877
What are the prime factors of 7733582?
2, 3866791
What are the prime factors of 1016919?
3, 103, 1097
What are the prime factors of 9214179?
3, 13, 236261
List the prime factors of 171722.
2, 19, 4519
What are the prime factors of 5975628?
2, 3, 497969
List the prime factors of 808774.
2, 404387
List the prime factors of 1934125.
5, 15473
What are the prime factors of 2022929?
101, 20029
What are the prime factors of 671894?
2, 31, 10837
What are the prime factors of 210326?
2, 103, 1021
What are the prime factors of 761579?
7, 13, 8369
What are the prime factors of 816380?
2, 5, 40819
List the prime factors of 151798.
2, 71, 1069
List the prime factors of 617996.
2, 43, 3593
List the prime factors of 12204324.
2, 3, 11, 10273
List the prime factors of 3218742.
2, 3, 178819
List the prime factors of 2775526.
2, 13, 106751
What are the prime factors of 574346?
2, 287173
List the prime factors of 441147.
3, 7, 3001
List the prime factors of 1207305.
3, 5, 11, 271
What are the prime factors of 20063104?
2, 41, 3823
What are the prime factors of 5287323?
3, 17, 43, 2411
What are the prime factors of 1205650?
2, 5, 24113
What are the prime factors of 660385?
5, 11, 12007
List the prime factors of 2628162.
2, 3, 146009
List the prime factors of 15576817.
131, 118907
What are the prime factors of 3127865?
5, 13, 48121
What are the prime factors of 5313299?
17, 23, 107, 127
What are the prime factors of 12466377?
3, 7, 11, 17989
List the prime factors of 2437067.
349, 6983
List the prime factors of 331695.
3, 5, 7, 13
List the prime factors of 5612443.
479, 11717
What are the prime factors of 4475602?
2, 19, 117779
List the prime factors of 1557982.
2, 17, 45823
What are the prime factors of 27928993?
19, 1469947
List the prime factors of 22316461.
17, 1312733
What are the prime factors of 12339733?
7, 149, 11831
List the prime factors of 5926712.
2, 11, 67349
What are the prime factors of 553285?
5, 239, 463
What are the prime factors of 158253?
3, 17, 29, 107
List the prime factors of 117511.
117511
List the prime factors of 1716624.
2, 3, 7, 13, 131
What are the prime factors of 6593851?
11, 331, 1811
What are the prime factors of 533406?
2, 3, 19, 4679
List the prime factors of 1717116.
2, 3, 143093
What are the prime factors of 337417?
569, 593
What are the prime factors of 3016101?
3, 11, 91397
List the prime factors of 430441.
11, 109, 359
What are the prime factors of 841542?
2, 3, 13, 10789
What are the prime factors of 18039?
3, 7, 859
What are the prime factors of 31536?
2, 3, 73
What are the prime factors of 1634736?
2, 3, 34057
What are the prime factors of 430524?
2, 3, 11959
What are the prime factors of 6869283?
3, 2289761
List the prime factors of 465027.
3, 155009
List the prime factors of 11887749.
3, 19, 23173
What are the prime factors of 2003204?
2, 7, 29, 2467
List the prime factors of 2289105.
3, 5, 7, 13, 43
List the prime factors of 5523366.
2, 3, 920561
What are the prime factors of 1518368?
2, 23, 2063
What are the prime factors of 3656869?
409, 8941
What are the prime factors of 10190575?
5, 53, 7691
List the prime factors of 2430507.
3, 17, 47657
What are the prime factors of 109662?
2, 3, 7, 373
What are the prime factors of 819559?
13, 23, 2741
List the prime factors of 522253.
19, 27487
List the prime factors of 142895.
5, 28579
List the prime factors of 604825.
5, 13, 1861
List the prime factors of 302946.
2, 3, 7, 7213
What are the prime factors of 10639387?
11, 37, 26141
List the prime factors of 7345.
5, 13, 113
List the prime factors of 6899939.
79, 167, 523
List the prime factors of 14001256.
2, 317, 5521
What are the prime factors of 21462033?
3, 47, 152213
List the prime factors of 8007416.
2, 839, 1193
List the prime factors of 10911213.
3, 404119
List the prime factors of 3830199.
3, 1276733
What are the prime factors of 177191?
7, 17, 1489
What are the prime factors of 481352?
2, 60169
List the prime factors of 302967.
3, 7, 229
What are the prime factors of 1073433?
3, 23, 47, 331
List the prime factors of 178744.
2, 22343
What are the prime factors of 1804126?
2, 19, 197, 241
What are the prime factors of 23894524?
2, 197, 30323
List the prime factors of 80565.
3, 5, 41, 131
List the prime factors of 172444.
2, 19, 2269
List the prime factors of 13439519.
71, 73, 2593
What are the prime factors of 16459735?
5, 3291947
What are the prime factors of 4859037?
3, 29, 18617
What are the prime factors of 1084872?
2, 3, 17, 2659
What are the prime factors of 287809?
449, 641
List the prime factors of 2502016.
2, 11, 1777
List the prime factors of 214519.
214519
List the prime factors of 2867916.
2, 3, 23, 10391
List the prime factors of 306980.
2, 5, 15349
List the prime factors of 83807.
43, 1949
What are the prime factors of 10579846?
2, 19, 139, 2003
What are the prime factors of 1373503?
1163, 1181
List the prime factors of 6684993.
3, 7, 29, 3659
List the prime factors of 263340.
2, 3, 5, 7, 11, 19
List the prime factors of 25473.
3, 7, 1213
What are the prime factors of 202484?
2, 223, 227
List the prime factors of 404395.
5, 31, 2609
List the prime factors of 68223.
3, 22741
What are the prime factors of 303601?
19, 29
List the prime factors of 30430.
2, 5, 17, 179
List the prime factors of 10123230.
2, 3, 5, 13, 101, 257
What are the prime factors of 6575982?
2, 3, 7, 29, 5399
What are the prime factors of 29129675?
5, 1165187
What are the prime factors of 963708?
2, 3, 80309
List the prime factors of 145748.
2, 83, 439
List the prime factors of 2630146.
2, 1315073
What are the prime factors of 623237?
17, 61, 601
List the prime factors of 6596537.
643, 10259
List the prime factors of 126369.
3, 19, 739
List the prime factors of 1297593.
3, 11, 17, 257
What are the prime factors of 634862?
2, 317431
List the prime factors of 5361135.
3, 5, 13, 19, 1447
List the prime factors of 6728858.
2, 3364429
What are the prime factors of 661568?
2, 10337
List the prime factors of 681659.
11, 31, 1999
What are the prime factors of 3109847?
13, 139, 1721
List the prime factors of 16758843.
3, 5586281
List the prime factors of 10371710.
2, 5, 281, 3691
What are the prime factors of 976850?
2, 5, 7, 2791
List the prime factors of 178640.
2, 5, 7, 11, 29
List the prime factors of 40088.
2, 5011
List the prime factors of 4565224.
2, 23, 43, 577
List the prime factors of 147053.
307, 479
List the prime factors of 225215.
5, 31, 1453
List the prime factors of 6649970.
2, 5, 664997
What are the prime factors of 179421?
3, 11, 5437
List the prime factors of 9736438.
2, 433, 11243
What are the prime factors of 9861048?
2, 3, 71, 643
List the prime factors of 593393.
41, 353
List the prime factors of 9366056.
2, 7, 23893
List the prime factors of 357744.
2, 3, 29, 257
List the prime factors of 7041260.
2, 5, 233, 1511
What are the prime factors of 906795?
3, 5, 2239
What are the prime factors of 258378?
2, 3, 43063
What are the prime factors of 4115841?
3, 1371947
What are the prime factors of 1379326?
2, 13, 53051
List the prime factors of 3471468.
2, 3, 7, 11, 13, 17
List the prime factors of 925677.
3, 163, 631
List the prime factors of 15471030.
2, 3, 5, 515701
What are the prime factors of 572601?
3, 31, 47, 131
List the prime factors of 1784132.
2, 7, 63719
What are the prime factors of 10542169?
11, 19, 50441
List the prime factors of 111510.
2, 3, 5, 7, 59
What are the prime factors of 143245?
5, 28649
List the prime factors of 26045945.
5, 149, 34961
List the prime factors of 16295998.
2, 8147999
List the prime factors of 24723.
3, 41, 67
What are the prime factors of 1894906?
2, 13, 31, 2351
List the prime factors of 2045598.
2, 3, 340933
List the prime factors of 592714.
2, 59, 5023
What are the prime factors of 5022447?
3, 397, 4217
List the prime factors of 550755.
3, 5, 12239
Li